*(7/(-2) + 1). Let z be (-10)/f - 4/(-3). What is the highest common factor of z and 6?
2
Suppose -2*o + 4 = -o, 3*s - 4*o - 5 = 0. Suppose -12*f + 15*f - 279 = 0. Suppose -105*j = -f*j - 672. What is the greatest common divisor of j and s?
7
Suppose -316 - 50 = -190*n - 124 + 138. Let z(w) = 17*w**2 - 2*w - 6. Let o be z(-4). What is the greatest common divisor of n and o?
2
Suppose 3*s = -232 + 244. Suppose 12*h + s*h = 272. Calculate the highest common factor of 221 and h.
17
Suppose -325*q = -336*q + 3520. What is the highest common factor of q and 1130?
10
Let a(b) = -42*b - 18. Let y be a(-5). Suppose y = 2*i - 0*i. Calculate the greatest common divisor of 64 and i.
32
Suppose 0 = -4*t + 2*z + 188, 0 = 2*t - 2*z + 6*z - 104. Let u be (-219 - 42) + (0 - -3). Let g = u - -270. What is the greatest common divisor of t and g?
12
Suppose 54841 - 126076 - 107475 = -42*z. What is the greatest common factor of 920 and z?
115
Suppose 32*c + 26*c = 7888. What is the highest common factor of 442 and c?
34
Suppose 5*z + 40 = 5*d + z, 5*z = 4*d - 41. Let g be 2*(d + -5)/2. Let l be 44436/207 + (g - 7/(-3)). Calculate the highest common divisor of 27 and l.
27
Let d be 235*(-16)/480*-6. What is the greatest common factor of 5969 and d?
47
Let u(j) = -2*j - 98. Let t be u(-45). Let z be -4 - (t + 2) - -193. Calculate the highest common divisor of 45 and z.
15
Let r(q) = q**3 + 64 - 181*q**2 + 200*q**2 + 2*q - 22. Let j be r(-19). Let l be (-2)/4*2 + 45. Calculate the highest common factor of l and j.
4
Let z be 4*1*28 + (-157)/((-5652)/432). Let p = -184 + 277. What is the greatest common factor of p and z?
31
Let p be (153340/(-75))/(-11) - (-14)/105. What is the greatest common divisor of 4712 and p?
62
Let r(c) be the first derivative of c**4/4 + c**3 + 7*c**2 + 49*c - 41. Let h be r(-3). What is the greatest common divisor of h and 9?
1
Let p(v) = -v**3 + 28*v**2 - 33*v - 204. Let c be p(25). Calculate the highest common divisor of 126 and c.
18
Let o be 395/158*(7/(21/198) + 0). Let a(w) = -10*w - 5. Let i be a(-6). What is the highest common factor of o and i?
55
Suppose -5*p = -3*l + 1176, 8*p - 6*p = -3*l + 1155. Suppose -3*h - l = -2*t, 0 = 2*t - 5*t + h + 584. Calculate the highest common divisor of t and 130.
65
Let n = 425 + -421. Suppose -2*o - 67 = -4*s - 245, -n*o + 312 = 3*s. What is the highest common factor of o and 45?
9
Let y be (-35)/(-28) + 47/4. Suppose 0*g + 312 = y*g. What is the highest common factor of 30 and g?
6
Let z be (-103)/(-5) - 6/10. Suppose -4*d - g + 1788 = 60, 4*d - 1752 = -4*g. Calculate the highest common divisor of d and z.
10
Let y be 2/(-6) - ((-105)/(-9) - 7). Let a(d) = -28*d - 12. Let i be a(y). Calculate the highest common divisor of i and 16.
16
Let d(g) be the first derivative of -g**3/3 + 5*g**2/2 + 21*g + 6. Let y be d(6). Let v be (-6)/y - (-111)/15. What is the highest common divisor of 77 and v?
7
Let f be (-40737)/(-18) + -2 - (-15)/18. Calculate the greatest common divisor of f and 78.
78
Let b = -203 + 196. Let o be 6 + (-343)/(0 + b). Calculate the greatest common divisor of 935 and o.
55
Suppose 4*v + 81*q - 6214 = 79*q, 0 = 4*v - q - 6217. Calculate the highest common factor of v and 336.
42
Let l(z) = -146*z + 378. Let h be l(-12). What is the greatest common divisor of h and 30?
30
Let p be 496/6*(3 + (-297)/(-12)). Calculate the highest common factor of 93 and p.
31
Let i = 263 + -248. Let s be (1840/15)/4 - (-2)/(-3). What is the greatest common divisor of i and s?
15
Suppose -5*c + 4*x + 61 = -107, 0 = -4*c - 2*x + 150. What is the greatest common divisor of c and 588?
12
Let n = 10962 - 10756. Calculate the highest common factor of n and 2781.
103
Suppose 0*a + 10 = 5*a. Suppose 0 = a*w - 6*w + 4*l, 4*w + l + 5 = 0. Let t be ((-2)/3)/w - 1/(-3). What is the greatest common factor of 13 and t?
1
Let u be (1898/(-4))/((4/(-54))/(24/54)). What is the highest common factor of u and 39?
39
Suppose -2*d - 69 = c, 5*d - 107 + 392 = -4*c. Let q = -61 - c. Suppose -3*b = -3*u + 18, 5*b - b + q = -u. What is the highest common factor of u and 1?
1
Suppose -2*m = g - 5*m - 31, -2*g + 62 = 3*m. Suppose 2087 = 4*h + 83*p - 80*p, -7*p = -h + 576. Calculate the greatest common factor of g and h.
31
Suppose -4*k + 12 = 0, -x + 3*k + 23 = x. Let t = 22 - x. Suppose 0 = -5*q + 10, 3*q - t*q - 27 = -3*g. What is the highest common divisor of g and 55?
11
Let x = -48 + 54. Suppose -x*n = -n. Let z(h) = -h**3 - 2*h**2 - h + 28. Let p be z(n). What is the greatest common divisor of p and 168?
28
Suppose 0 = 2*u + 6, y - 3*u = -2*y + 285. Suppose 96*p = y*p + 4. What is the greatest common factor of 52 and p?
1
Let k be (-17*93)/(3057/(-2038)). Let u be 15/(-60) - 498/(-8). What is the greatest common divisor of u and k?
62
Let f = 62 + -26. Suppose f = 4*y - 3*v - 70, -5*v = y - 38. What is the greatest common divisor of y and 112?
28
Let v(d) = d**3 - 5*d**2 - d - 2. Let u be v(6). Let b = 1290 + -1241. Calculate the highest common divisor of u and b.
7
Suppose 5*f = -3*y + 1797, -y + 5*y + 4*f = 2380. Calculate the highest common divisor of 247 and y.
19
Let n = -7853 + 7885. Calculate the greatest common factor of n and 26.
2
Suppose 0 = -y - 694 + 33. Let i = y - -725. What is the greatest common divisor of i and 72?
8
Suppose 0 = 16*u - 31*u + 7020. Calculate the greatest common divisor of u and 72.
36
Let f be (((-60)/(-2))/(-5))/((-3)/4). Let q = 51 + 6. Let j = 81 - q. Calculate the greatest common divisor of j and f.
8
Let h(k) = -k**2 + 119*k - 2932. Let s be h(84). Calculate the greatest common divisor of 62 and s.
2
Let a(j) = -j**2 + 2*j + 128. Let n be a(10). What is the greatest common factor of n and 2064?
48
Let h = -610 + 604. Let l(a) = a**2 + 4*a - 6. Let o be l(5). Let q be (9/h)/(-1 - o/(-48)). Calculate the greatest common divisor of q and 12.
4
Suppose 4*b + 3*m = 267, 4*b + 2*m - 235 = 27. Let n(c) = c**2 - 4*c + 16. Let a be n(7). Let p = 46 - a. What is the highest common factor of p and b?
9
Let f be ((-19144)/(-56) - (-1)/7) + 3. Let g = f + -316. What is the highest common factor of g and 58?
29
Suppose 0 = 2*s - 0*s - 2. Suppose -l + 9*h - 4*h = 14, s = l - 2*h. What is the highest common divisor of 33 and l?
11
Suppose 0 = 348*s - 264*s - 9072. What is the highest common divisor of 3204 and s?
36
Let m = 59 + -55. Suppose 3 = f - 2*u, 2*f + u - 6 = m*f. Let x(o) = 2*o + 22. Let n be x(f). Calculate the highest common divisor of n and 84.
12
Let k = 31 + -7. Let h be 13640/77 + 3 - (-5)/(-35). What is the highest common factor of h and k?
12
Let j(k) = -740*k + 1644. Let n be j(2). What is the highest common divisor of n and 5371?
41
Let s be (2 + 9668)/5 + 0 + -8. What is the greatest common divisor of 126 and s?
18
Let k be (355 - -3) + (-9 - -4) + 8. Let i = 78 + -59. Calculate the highest common factor of k and i.
19
Suppose 0 = -3*c + 5*a + 154, -105*a - 44 = -c - 107*a. Calculate the greatest common factor of c and 762.
6
Let q be (27/(-45))/(1/5). Let k(x) = -2*x**3 - 4*x**2 - 5*x + 5. Let f be k(q). Calculate the greatest common factor of 19 and f.
19
Let r(h) = h**2 + h - 10. Let f be r(-11). Let g = 137 - f. Calculate the greatest common divisor of 37 and g.
37
Let w = -5502 - -5931. What is the highest common divisor of 91 and w?
13
Suppose -27*b = -p - 30*b + 19598, -7*p + b + 137318 = 0. What is the highest common divisor of p and 16?
16
Let r(v) = -v**3 + 5*v**2 + 9*v + 12. Let h be r(5). Let y = 94 - h. Let d be (y/3)/(8/48). What is the greatest common factor of d and 111?
37
Suppose g + 26 = 3*c - g, 30 = 4*c - 5*g. Let d(v) = -2*v**2 + 8*v**2 - 137 + 141 - v. Let f be d(-2). What is the highest common factor of c and f?
10
Suppose 3*u - 378 - 126 = 0. Let s = 21 - 11. Let b = 34 - s. What is the highest common divisor of u and b?
24
Let t be 1014530/130 + -4 + (-14)/182. What is the greatest common factor of t and 180?
60
Let g be (44040/(-35))/(-3) + (-4)/(-7). Suppose g - 1212 = -4*f. What is the greatest common factor of f and 22?
22
Let w be (2/(-3))/((-10)/3675). Let l be (-196)/(-588) - ((-424)/6 - -1). Calculate the greatest common divisor of w and l.
35
Suppose 2*r - 10 = 0, -3*d = r - 4616 + 21. What is the highest common factor of 4896 and d?
30